223?
3
What is the tens digit of 979?
7
What is the units digit of 8258?
8
What is the hundreds digit of 21437?
4
What is the hundreds digit of 214?
2
What is the units digit of 8425?
5
What is the units digit of 466?
6
What is the thousands digit of 10329?
0
What is the tens digit of 13132?
3
What is the thousands digit of 5054?
5
What is the thousands digit of 13483?
3
What is the ten thousands digit of 39155?
3
What is the tens digit of 1714?
1
What is the tens digit of 12113?
1
What is the hundreds digit of 3915?
9
What is the units digit of 3105?
5
What is the units digit of 169?
9
What is the units digit of 23723?
3
What is the tens digit of 69690?
9
What is the units digit of 3721?
1
What is the units digit of 465?
5
What is the tens digit of 856?
5
What is the thousands digit of 7701?
7
What is the tens digit of 34545?
4
What is the units digit of 62459?
9
What is the units digit of 147?
7
What is the hundreds digit of 2894?
8
What is the units digit of 1339?
9
What is the hundreds digit of 86268?
2
What is the tens digit of 1494?
9
What is the hundreds digit of 7348?
3
What is the hundreds digit of 67242?
2
What is the ten thousands digit of 25589?
2
What is the tens digit of 580?
8
What is the units digit of 2269?
9
What is the ten thousands digit of 24334?
2
What is the tens digit of 12994?
9
What is the ten thousands digit of 35845?
3
What is the hundreds digit of 345?
3
What is the hundreds digit of 1518?
5
What is the hundreds digit of 1787?
7
What is the tens digit of 197?
9
What is the hundreds digit of 14204?
2
What is the hundreds digit of 1316?
3
What is the units digit of 645?
5
What is the thousands digit of 3744?
3
What is the hundreds digit of 5916?
9
What is the thousands digit of 10282?
0
What is the hundreds digit of 1571?
5
What is the units digit of 15676?
6
What is the thousands digit of 5498?
5
What is the units digit of 429?
9
What is the ten thousands digit of 61442?
6
What is the hundreds digit of 3890?
8
What is the ten thousands digit of 34641?
3
What is the hundreds digit of 17553?
5
What is the tens digit of 22436?
3
What is the units digit of 8777?
7
What is the tens digit of 1385?
8
What is the hundreds digit of 5180?
1
What is the units digit of 25113?
3
What is the thousands digit of 1357?
1
What is the tens digit of 11051?
5
What is the units digit of 5235?
5
What is the units digit of 71408?
8
What is the units digit of 15101?
1
What is the tens digit of 273?
7
What is the thousands digit of 3400?
3
What is the hundreds digit of 11991?
9
What is the tens digit of 642?
4
What is the units digit of 53998?
8
What is the hundreds digit of 1031?
0
What is the hundreds digit of 521?
5
What is the tens digit of 7074?
7
What is the units digit of 766?
6
What is the hundreds digit of 4207?
2
What is the ten thousands digit of 16366?
1
What is the hundreds digit of 7434?
4
What is the units digit of 74537?
7
What is the units digit of 2473?
3
What is the tens digit of 6108?
0
What is the hundreds digit of 4912?
9
What is the thousands digit of 1076?
1
What is the tens digit of 7277?
7
What is the thousands digit of 9755?
9
What is the thousands digit of 10906?
0
What is the thousands digit of 35082?
5
What is the units digit of 3558?
8
What is the units digit of 3937?
7
What is the hundreds digit of 20189?
1
What is the units digit of 1050?
0
What is the thousands digit of 16148?
6
What is the tens digit of 11968?
6
What is the tens digit of 4744?
4
What is the units digit of 1735?
5
What is the units digit of 29521?
1
What is the units digit of 31?
1
What is the tens digit of 50508?
0
What is the units digit of 15122?
2
What is the tens digit of 57?
5
What is the ten thousands digit of 17318?
1
What is the units digit of 6714?
4
What is the tens digit of 138542?
4
What is the units digit of 16690?
0
What is the tens digit of 310?
1
What is the units digit of 15046?
6
What is the thousands digit of 1743?
1
What is the tens digit of 3976?
7
What is the hundreds digit of 48194?
1
What is the units digit of 1163?
3
What is the units digit of 303?
3
What is the tens digit of 1116?
1
What is the units digit of 5172?
2
What is the hundreds digit of 2137?
1
What is the units digit of 36717?
7
What is the hundreds digit of 9551?
5
What is the thousands digit of 14381?
4
What is the units digit of 24991?
1
What is the tens digit of 85060?
6
What is the hundreds digit of 258?
2
What is the ten thousands digit of 58643?
5
What is the thousands digit of 5341?
5
What is the thousands digit of 3247?
3
What is the units digit of 352?
2
What is the thousands digit of 45327?
5
What is the units digit of 214?
4
What is the ten thousands digit of 27441?
2
What is the hundreds digit of 1826?
8
What is the thousands digit of 4324?
4
What is the tens digit of 3424?
2
What is the tens digit of 485?
8
What is the tens digit of 781?
8
What is the units digit of 1015?
5
What is the hundreds digit of 871?
8
What is the hundreds digit of 3535?
5
What is the tens digit of 321?
2
What is the hundreds digit of 1544?
5
What is the hundreds digit of 9941?
9
What is the thousands digit of 50715?
0
What is the units digit of 7838?
8
What is the units digit of 87?
7
What is the units digit of 881?
1
What is the units digit of 26959?
9
What is the hundreds digit of 318?
3
What is the units digit of 3985?
5
What is the units digit of 892?
2
What is the tens digit of 84183?
8
What is the hundreds digit of 18142?
1
What is the hundreds digit of 1151?
1
What is the units digit of 12169?
9
What is the hundreds digit of 845?
8
What is the tens digit of 230?
3
What is the units digit of 4539?
9
What is the units digit of 872?
2
What is the units digit of 811?
1
What is the thousands digit of 8462?
8
What is the hundreds digit of 8521?
5
What is the units digit of 1520?
0
What is the units digit of 6393?
3
What is the hundreds digit of 124258?
2
What is the units digit of 2533?
3
What is the thousands digit of 5167?
5
What is the tens digit of 4541?
4
What is the units digit of 967?
7
What is the tens digit of 23192?
9
What is the units digit of 986?
6
What is the hundreds digit of 28688?
6
What is the hundreds digit of 1268?
2
What is the tens digit of 1743?
4
What is the tens digit of 478?
7
What is the ten thousands digit of 13806?
1
What is the hundreds digit of 994?
9
What is the tens digit of 4139?
3
What is the units digit of 52030?
0
What is the hundreds digit of 4166?
1
What is the thousands digit of 3348?
3
What is the thousands digit of 1092?
1
What is the thousands digit of 5203?
5
What is the units digit of 588?
8
What is the hundreds digit of 1679?
6
What is the tens digit of 833?
3
What is the units digit of 2752?
2
What is the hundreds digit of 5052?
0
What is the tens digit of 5844?
4
What is the units digit of 57475?
5
What is the hundreds digit of 13301?
3
What is the thousands digit of 94492?
4
What is the tens digit of 50?
5
What is the tens digit of 1953?
5
What is the tens digit of 547?
4
What is the tens digit of 1942?
4
What is the tens digit of 1508?
0
What is the tens digit of 40947?
4
What is the ten thousands digit of 19224?
1
What is the tens digit of 3350?
5
What is the hundreds digit of 10528?
5
What is the hundreds digit of 4608?
6
What is the hundreds digit of 382?
3
What is the thousands digit of 2400?
2
What is the hundreds digit of 6865?
8
What is the tens digit of 9740?
4
What is the tens digit of 754?
5
What is the thousands digit of 15293?
5
What is the hundreds digit of 260?
2
What is the units digit of 10824?
4
What is the hundreds digit of 101828?
8
What is the thousands digit of 28408?
8
What is the tens digit of 56204?
0
What is the hundreds digit of 106112?
1
What is the tens digit of 702?
0
What is the tens digit of 4131?
3
What is the hundreds digit of 19651?
6
What is the tens digit of 6896?
9
What is the tens digit of 230?
3
What is the tens digit of 16572?
7
What is the hundreds digit of 1575?
5
What is the thousands digit of 9464?
9
What is the thousands digit of 1400?
1
What is the tens digit of 18110?
1
What is the units digit of 19759?
9
What is the hundreds digit of 52644?
6
What is the tens digit of 895?
9
What is the hundreds digit of 716?
7
What is the units digit of 20510?
0
What is the hund